{"id":4763,"date":"2025-11-17T08:31:19","date_gmt":"2025-11-17T08:31:19","guid":{"rendered":"https:\/\/kingdomfamily.de\/?page_id=4763"},"modified":"2025-11-17T10:42:36","modified_gmt":"2025-11-17T10:42:36","slug":"muetter-2","status":"publish","type":"page","link":"https:\/\/kingdomfamily.de\/?page_id=4763","title":{"rendered":"Als Mutter in Christus verwurzelt"},"content":{"rendered":"<div data-colibri-id=\"4763-c1\" class=\"style-2263 style-local-4763-c1 position-relative\">\r\n  <!---->\r\n  <div data-colibri-component=\"section\" data-colibri-id=\"4763-c2\" id=\"blank\" class=\"h-section h-section-global-spacing d-flex align-items-lg-center align-items-md-center align-items-center style-2264 style-local-4763-c2 position-relative\">\r\n    <!---->\r\n    <!---->\r\n    <div class=\"h-section-grid-container h-section-boxed-container\">\r\n      <!---->\r\n      <div data-colibri-id=\"4763-c3\" class=\"h-row-container gutters-row-lg-2 gutters-row-md-2 gutters-row-0 gutters-row-v-lg-2 gutters-row-v-md-2 gutters-row-v-2 style-2265 style-local-4763-c3 position-relative\">\r\n        <!---->\r\n        <div class=\"h-row justify-content-lg-center justify-content-md-center justify-content-center align-items-lg-stretch align-items-md-stretch align-items-stretch gutters-col-lg-2 gutters-col-md-2 gutters-col-0 gutters-col-v-lg-2 gutters-col-v-md-2 gutters-col-v-2\">\r\n          <!---->\r\n          <div class=\"h-column h-column-container d-flex h-col-lg-auto h-col-md-auto h-col-auto style-2266-outer style-local-4763-c4-outer\">\r\n            <div data-colibri-id=\"4763-c4\" class=\"d-flex h-flex-basis h-column__inner h-px-lg-2 h-px-md-2 h-px-2 v-inner-lg-2 v-inner-md-2 v-inner-2 style-2266 style-local-4763-c4 position-relative\">\r\n              <!---->\r\n              <!---->\r\n              <div class=\"w-100 h-y-container h-column__content h-column__v-align flex-basis-100 align-self-lg-start align-self-md-start align-self-start\">\r\n                <!---->\r\n                <div data-colibri-id=\"4763-c5\" class=\"h-global-transition-all h-heading style-2267 style-local-4763-c5 position-relative h-element\">\r\n                  <!---->\r\n                  <div class=\"h-heading__outer style-2267 style-local-4763-c5\">\r\n                    <!---->\r\n                    <!---->\r\n                    <h1 class=\"\">GLAUBE, LIEBE, IDENTIT\u00c4T<\/h1>\r\n                  <\/div>\r\n                <\/div>\r\n                <div data-colibri-id=\"4763-c26\" class=\"h-global-transition-all h-heading style-2288 style-local-4763-c26 position-relative h-element\">\r\n                  <!---->\r\n                  <div class=\"h-heading__outer style-2288 style-local-4763-c26\">\r\n                    <!---->\r\n                    <!---->\r\n                    <h1 class=\"\">als mutter in christus verwurzelt<\/h1>\r\n                  <\/div>\r\n                <\/div>\r\n              <\/div>\r\n            <\/div>\r\n          <\/div>\r\n        <\/div>\r\n      <\/div>\r\n    <\/div>\r\n  <\/div>\r\n  <div data-colibri-component=\"section\" data-colibri-id=\"4763-c10\" id=\"reusable-sections\" class=\"h-section h-section-global-spacing d-flex align-items-lg-center align-items-md-center align-items-center style-2272 style-local-4763-c10 position-relative\">\r\n    <!---->\r\n    <!---->\r\n    <div class=\"h-section-grid-container h-section-boxed-container\">\r\n      <!---->\r\n      <div data-colibri-id=\"4763-c11\" class=\"h-row-container gutters-row-lg-0 gutters-row-md-0 gutters-row-0 gutters-row-v-lg-0 gutters-row-v-md-0 gutters-row-v-0 style-2273 style-local-4763-c11 position-relative\">\r\n        <!---->\r\n        <div class=\"h-row justify-content-lg-center justify-content-md-center justify-content-center align-items-lg-stretch align-items-md-stretch align-items-stretch gutters-col-lg-0 gutters-col-md-0 gutters-col-0 gutters-col-v-lg-0 gutters-col-v-md-0 gutters-col-v-0\">\r\n          <!---->\r\n          <div class=\"h-column h-column-container d-flex h-col-lg-4 h-col-md-4 h-col-12 style-2274-outer style-local-4763-c12-outer\">\r\n            <div data-colibri-id=\"4763-c12\" class=\"d-flex h-flex-basis h-column__inner h-px-lg-3 h-px-md-3 h-px-2 v-inner-lg-3 v-inner-md-3 v-inner-2 style-2274 style-local-4763-c12 position-relative\">\r\n              <!---->\r\n              <!---->\r\n              <div class=\"w-100 h-y-container h-column__content h-column__v-align flex-basis-100 align-self-lg-start align-self-md-start align-self-start\">\r\n                <!---->\r\n                <div data-colibri-id=\"4763-c13\" class=\"h-icon style-2275 style-local-4763-c13 position-relative h-element\">\r\n                  <!----><span class=\"h-svg-icon h-icon__icon style-2275-icon style-local-4763-c13-icon\"><!--Icon by Font Awesome (https:\/\/fontawesome.com)--><svg version=\"1.1\" xmlns=\"http:\/\/www.w3.org\/2000\/svg\" xmlns:xlink=\"http:\/\/www.w3.org\/1999\/xlink\" id=\"info\" viewBox=\"0 0 1011.9142 1896.0833\"><path d=\"M640 1344v128q0 26-19 45t-45 19H64q-26 0-45-19t-19-45v-128q0-26 19-45t45-19h64V896H64q-26 0-45-19T0 832V704q0-26 19-45t45-19h384q26 0 45 19t19 45v576h64q26 0 45 19t19 45zM512 192v192q0 26-19 45t-45 19H192q-26 0-45-19t-19-45V192q0-26 19-45t45-19h256q26 0 45 19t19 45z\"><\/path><\/svg><\/span><\/div>\r\n                <div\r\n                  data-colibri-id=\"4763-c14\" class=\"h-global-transition-all h-heading style-2276 style-local-4763-c14 position-relative h-element\">\r\n                  <!---->\r\n                  <div class=\"h-heading__outer style-2276 style-local-4763-c14\">\r\n                    <!---->\r\n                    <!---->\r\n                    <h5 class=\"\"><strong style=\"font-size: 100%; font-weight: 700;\">SEMINARDATEN<\/strong><\/h5>\r\n                  <\/div>\r\n              <\/div>\r\n              <div data-colibri-id=\"4763-c15\" class=\"h-text h-text-component style-2277 style-local-4763-c15 position-relative h-element\">\r\n                <!---->\r\n                <!---->\r\n                <div class=\"\">\r\n                  <p><strong style=\"font-weight: 700;\">05.03.2026<\/strong><\/p>\r\n                  <p><strong style=\"font-weight: 700;\">26.03.2026<\/strong><\/p>\r\n                  <p><strong style=\"font-weight: 700;\">16.04.2026<\/strong><\/p>\r\n                  <p><strong style=\"font-weight: 700;\">07.05.2026<\/strong><\/p>\r\n                  <p>\r\n                    <br>\r\n                  <\/p>\r\n                  <p><span style=\"font-weight: 500;\">online<\/span><\/p>\r\n                  <p>von 19:30 bis 21:00 Uhr<\/p>\r\n                  <p>\r\n                    <br>\r\n                  <\/p>\r\n                  <p>Die Teilnahme an allen vier Abenden ist obligatorisch.<\/p>\r\n                  <p>Es ist nicht m\u00f6glich an einzelnen Tagen zu fehlen.<\/p>\r\n                <\/div>\r\n              <\/div>\r\n            <\/div>\r\n          <\/div>\r\n        <\/div>\r\n        <div class=\"h-column h-column-container d-flex h-col-lg-4 h-col-md-4 h-col-12 style-2278-outer style-local-4763-c16-outer\">\r\n          <div data-colibri-id=\"4763-c16\" class=\"d-flex h-flex-basis h-column__inner h-px-lg-3 h-px-md-3 h-px-3 v-inner-lg-3 v-inner-md-3 v-inner-3 style-2278 style-local-4763-c16 position-relative\">\r\n            <!---->\r\n            <!---->\r\n            <div class=\"w-100 h-y-container h-column__content h-column__v-align flex-basis-100 align-self-lg-start align-self-md-start align-self-start\">\r\n              <!---->\r\n              <div data-colibri-id=\"4763-c17\" class=\"h-icon style-2279 style-local-4763-c17 position-relative h-element\">\r\n                <!----><span class=\"h-svg-icon h-icon__icon style-2279-icon style-local-4763-c17-icon\"><!--Icon by Ionicons (https:\/\/ionicons.com)--><svg version=\"1.1\" xmlns=\"http:\/\/www.w3.org\/2000\/svg\" xmlns:xlink=\"http:\/\/www.w3.org\/1999\/xlink\" id=\"ios-location-outline\" viewBox=\"0 0 288 512\"><path d=\"M144 48c-34 0-67 13-91 37s-37 57-37 91c0 43 24 107 70 186 22 38 44 72 58 91 14-19 36-53 58-91 46-79 70-143 70-186 0-34-13-67-37-91s-57-37-91-37zm0-16c80 0 144 64 144 144 0 112-144 304-144 304S0 288 0 176C0 96 64 32 144 32zm0 80c35 0 64 29 64 64s-29 64-64 64-64-29-64-64 29-64 64-64zm0 111c26 0 47-21 47-47s-21-47-47-47-47 21-47 47 21 47 47 47z\"><\/path><\/svg><\/span><\/div>\r\n              <div\r\n                data-colibri-id=\"4763-c18\" class=\"h-global-transition-all h-heading style-2280 style-local-4763-c18 position-relative h-element\">\r\n                <!---->\r\n                <div class=\"h-heading__outer style-2280 style-local-4763-c18\">\r\n                  <!---->\r\n                  <!---->\r\n                  <h5 class=\"\"><strong style=\"font-weight: 700;\">VERANSTALTUNGSORT<\/strong><\/h5>\r\n                <\/div>\r\n            <\/div>\r\n            <div data-colibri-id=\"4763-c19\" class=\"h-text h-text-component style-2281 style-local-4763-c19 position-relative h-element\">\r\n              <!---->\r\n              <!---->\r\n              <div class=\"\">\r\n                <p><span style=\"font-size: 16.16px; font-weight: 600; font-family: Montserrat; color: rgb(255, 255, 255);\">Die Veranstaltung findet <\/span>\r\n                  <u style=\"font-size: 16.16px; font-weight: 600; font-family: Montserrat; color: rgb(255, 255, 255);\">online<\/u><span style=\"font-size: 16.16px; font-weight: 600; font-family: Montserrat; color: rgb(255, 255, 255);\"> statt.<\/span><\/p>\r\n              <\/div>\r\n            <\/div>\r\n          <\/div>\r\n        <\/div>\r\n      <\/div>\r\n      <div class=\"h-column h-column-container d-flex h-col-lg-4 h-col-md-4 h-col-12 style-2282-outer style-local-4763-c20-outer\">\r\n        <div data-colibri-id=\"4763-c20\" class=\"d-flex h-flex-basis h-column__inner h-px-lg-3 h-px-md-3 h-px-3 v-inner-lg-3 v-inner-md-3 v-inner-3 style-2282 style-local-4763-c20 position-relative\">\r\n          <!---->\r\n          <!---->\r\n          <div class=\"w-100 h-y-container h-column__content h-column__v-align flex-basis-100 align-self-lg-start align-self-md-start align-self-start\">\r\n            <!---->\r\n            <div data-colibri-id=\"4763-c21\" class=\"h-icon style-2283 style-local-4763-c21 position-relative h-element\">\r\n              <!----><span class=\"h-svg-icon h-icon__icon style-2283-icon style-local-4763-c21-icon\"><!--Icon by Font Awesome (https:\/\/fontawesome.com)--><svg version=\"1.1\" xmlns=\"http:\/\/www.w3.org\/2000\/svg\" xmlns:xlink=\"http:\/\/www.w3.org\/1999\/xlink\" id=\"money\" viewBox=\"0 0 1920 1896.0833\"><path d=\"M768 1152h384v-96h-128V608H910L762 745l77 80q42-37 55-57h2v288H768v96zm512-256q0 70-21 142t-59.5 134-101.5 101-138 39-138-39-101.5-101-59.5-134-21-142 21-142 59.5-134T822 519t138-39 138 39 101.5 101 59.5 134 21 142zm512 256V640q-106 0-181-75t-75-181H384q0 106-75 181t-181 75v512q106 0 181 75t75 181h1152q0-106 75-181t181-75zm128-832v1152q0 26-19 45t-45 19H64q-26 0-45-19t-19-45V320q0-26 19-45t45-19h1792q26 0 45 19t19 45z\"><\/path><\/svg><\/span><\/div>\r\n            <div\r\n              data-colibri-id=\"4763-c22\" class=\"h-global-transition-all h-heading style-2284 style-local-4763-c22 position-relative h-element\">\r\n              <!---->\r\n              <div class=\"h-heading__outer style-2284 style-local-4763-c22\">\r\n                <!---->\r\n                <!---->\r\n                <h5 class=\"\"><strong style=\"color: rgb(2, 16, 62); font-weight: 700;\">SEMINARGEB\u00dcHREN<\/strong><\/h5>\r\n              <\/div>\r\n          <\/div>\r\n          <div data-colibri-id=\"4763-c23\" class=\"h-text h-text-component style-2285 style-local-4763-c23 position-relative h-element\">\r\n            <!---->\r\n            <!---->\r\n            <div class=\"\">\r\n              <p><strong style=\"color: rgb(2, 16, 62); font-weight: 600;\">EUR 60,-<\/strong><\/p>\r\n              <p>Die entsprechende Bankverbindung senden wir per E-Mail zu.<\/p>\r\n              <p>\r\n                <br>\r\n              <\/p>\r\n              <p>\r\n                <br>\r\n              <\/p>\r\n              <p>\r\n                <br>\r\n              <\/p>\r\n              <p>\r\n                <br>\r\n              <\/p>\r\n              <p>\r\n                <br>\r\n              <\/p>\r\n              <p><span style=\"font-weight: 600; font-size: 16px; font-family: Montserrat; color: rgb(2, 16, 62);\">Anmeldung \u00fcber das Kontaktformular<\/span><\/p>\r\n            <\/div>\r\n          <\/div>\r\n          <div data-colibri-id=\"4763-c24\" class=\"h-x-container style-2286 style-local-4763-c24 position-relative h-element\">\r\n            <!---->\r\n            <div class=\"h-x-container-inner style-dynamic-4763-c24-group style-2286-spacing style-local-4763-c24-spacing\"><span class=\"h-button__outer style-2287-outer style-local-4763-c25-outer d-inline-flex h-element\"><a h-use-smooth-scroll=\"true\" href=\"https:\/\/kingdomfamily.de\/#kontakt\" target=\"_blank\" data-colibri-id=\"4763-c25\" class=\"d-flex w-100 align-items-center h-button justify-content-lg-center justify-content-md-center justify-content-center style-2287 style-local-4763-c25 position-relative\" rel=\"noopener\"><!----><!----> <span>jetzt anmelden<\/span><\/a>\r\n              <\/span>\r\n            <\/div>\r\n          <\/div>\r\n        <\/div>\r\n      <\/div>\r\n    <\/div>\r\n  <\/div>\r\n<\/div>\r\n<\/div>\r\n<\/div>\r\n<\/div>","protected":false},"excerpt":{"rendered":"<p>GLAUBE, LIEBE, IDENTIT\u00c4T als mutter in christus verwurzelt SEMINARDATEN 05.03.2026 26.03.2026 16.04.2026 07.05.2026 online von 19:30 bis 21:00 Uhr Die Teilnahme an allen vier Abenden ist obligatorisch. Es ist nicht m\u00f6glich an einzelnen Tagen zu fehlen. VERANSTALTUNGSORT Die Veranstaltung findet online statt. SEMINARGEB\u00dcHREN EUR 60,- Die entsprechende Bankverbindung senden wir per E-Mail zu. Anmeldung \u00fcber [&hellip;]<\/p>\n","protected":false},"author":6,"featured_media":0,"parent":0,"menu_order":0,"comment_status":"closed","ping_status":"closed","template":"page-templates\/full-width-page.php","meta":[],"_links":{"self":[{"href":"https:\/\/kingdomfamily.de\/index.php?rest_route=\/wp\/v2\/pages\/4763"}],"collection":[{"href":"https:\/\/kingdomfamily.de\/index.php?rest_route=\/wp\/v2\/pages"}],"about":[{"href":"https:\/\/kingdomfamily.de\/index.php?rest_route=\/wp\/v2\/types\/page"}],"author":[{"embeddable":true,"href":"https:\/\/kingdomfamily.de\/index.php?rest_route=\/wp\/v2\/users\/6"}],"replies":[{"embeddable":true,"href":"https:\/\/kingdomfamily.de\/index.php?rest_route=%2Fwp%2Fv2%2Fcomments&post=4763"}],"version-history":[{"count":3,"href":"https:\/\/kingdomfamily.de\/index.php?rest_route=\/wp\/v2\/pages\/4763\/revisions"}],"predecessor-version":[{"id":4816,"href":"https:\/\/kingdomfamily.de\/index.php?rest_route=\/wp\/v2\/pages\/4763\/revisions\/4816"}],"wp:attachment":[{"href":"https:\/\/kingdomfamily.de\/index.php?rest_route=%2Fwp%2Fv2%2Fmedia&parent=4763"}],"curies":[{"name":"wp","href":"https:\/\/api.w.org\/{rel}","templated":true}]}}